9?
True
Is 34 a factor of 1009774262?
True
Is 8581254 a multiple of 23?
True
Is 612024798 a multiple of 2037?
True
Is 584872428 a multiple of 2199?
True
Is 56 a factor of 7693234?
False
Is 28619415 a multiple of 45?
True
Does 28 divide 34457908?
False
Is 99671720 a multiple of 3130?
True
Is 48283928 a multiple of 2884?
True
Is 25 a factor of 212981550?
True
Is 964061350 a multiple of 92?
False
Is 13 a factor of 1713234744?
True
Is 37886481 a multiple of 519?
True
Does 205 divide 205297095?
False
Is 32477395 a multiple of 690?
False
Is 8332560 a multiple of 426?
True
Is 2269221249 a multiple of 3590?
False
Does 17 divide 355012476?
False
Is 393170118 a multiple of 4587?
True
Does 12 divide 363846288?
True
Is 576 a factor of 38715264?
True
Is 29 a factor of 2321413779?
True
Is 154 a factor of 18602613?
False
Does 830 divide 315291270?
True
Is 308 a factor of 1402390345?
False
Does 7 divide 12467232?
False
Is 104342206 a multiple of 1717?
False
Is 310 a factor of 104733654?
False
Is 1298242176 a multiple of 231?
True
Is 107814432 a multiple of 138?
True
Does 36 divide 343314468?
True
Does 7 divide 7878395?
True
Does 19 divide 2492531321?
True
Does 791 divide 62299160?
True
Does 180 divide 106561080?
True
Is 811 a factor of 109238971?
False
Does 29 divide 1591946?
False
Is 63742816 a multiple of 8?
True
Is 239371800 a multiple of 24?
True
Is 3115 a factor of 1108317000?
True
Is 2011 a factor of 854695504?
False
Does 13 divide 19034385?
False
Does 100 divide 578589800?
True
Does 960 divide 107321280?
True
Does 6 divide 51960492?
True
Is 1414 a factor of 316872597?
False
Is 763296672 a multiple of 16?
True
Does 53 divide 343666522?
True
Does 31 divide 30221387?
False
Does 23 divide 5347596871?
False
Is 83 a factor of 46620685?
True
Does 71 divide 127255643?
True
Is 46 a factor of 6444998?
False
Does 35 divide 54545925?
True
Is 1753 a factor of 114613417?
False
Is 20 a factor of 364047700?
True
Does 124 divide 36284384?
True
Is 100698255 a multiple of 207?
True
Is 33199400 a multiple of 325?
True
Is 39 a factor of 1159717182?
True
Is 34533465 a multiple of 199?
True
Is 1134580914 a multiple of 9?
True
Does 37 divide 44403071?
True
Is 18 a factor of 13854041?
False
Is 218 a factor of 107589890?
False
Is 208376194 a multiple of 559?
True
Is 13 a factor of 1158699447?
False
Is 258 a factor of 61474692?
True
Does 37 divide 529756343?
True
Is 105120288 a multiple of 273?
True
Is 2213 a factor of 46905744?
False
Is 45 a factor of 63562680?
True
Is 468564210 a multiple of 90?
True
Is 52 a factor of 32211546?
False
Does 22 divide 3602079310?
False
Does 222 divide 52196862?
True
Does 5 divide 173987910?
True
Is 65 a factor of 29807824?
False
Is 1570 a factor of 252770884?
False
Does 65 divide 71929130?
True
Does 7 divide 171431176?
True
Is 1467 a factor of 48014910?
True
Is 27413895 a multiple of 15?
True
Does 11 divide 40883751?
False
Does 4 divide 3527132?
True
Does 32 divide 15320985?
False
Is 4870 a factor of 303111576?
False
Does 59 divide 1194234812?
True
Is 108 a factor of 23006160?
True
Is 1100 a factor of 896686736?
False
Is 2287 a factor of 1331107184?
True
Is 3489734 a multiple of 714?
False
Is 280057429 a multiple of 2272?
False
Does 44 divide 7172389?
False
Does 21 divide 129480729?
True
Is 139860408 a multiple of 8?
True
Is 1310 a factor of 76558887?
False
Is 55857425 a multiple of 288?
False
Is 1482064 a multiple of 6?
False
Does 560 divide 6023920?
True
Does 3 divide 96748661?
False
Is 19345609 a multiple of 147?
False
Is 41753378 a multiple of 2643?
False
Does 58 divide 582917110?
True
Is 2274 a factor of 114937056?
True
Is 710024211 a multiple of 479?
False
Is 12 a factor of 28987356?
True
Is 7 a factor of 90339263?
True
Does 4 divide 11925813?
False
Is 29438147 a multiple of 149?
False
Does 363 divide 1804836?
True
Is 6451 a factor of 1979489350?
True
Is 1548 a factor of 365738220?
True
Is 9006 a factor of 1086447816?
True
Is 62069745 a multiple of 84?
False
Is 7584 a factor of 3075600192?
True
Does 770 divide 166444740?
True
Is 338 a factor of 15666638?
True
Is 472546288 a multiple of 177?
False
Does 113 divide 53895237?
True
Is 69 a factor of 95625916?
False
Does 19 divide 3560471?
False
Is 3853 a factor of 372855831?
False
Does 81 divide 1833136064?
False
Is 40 a factor of 433749480?
True
Is 3478 a factor of 889988394?
False
Does 2992 divide 236571456?
True
Is 118810548 a multiple of 17?
False
Is 96780040 a multiple of 32?
False
Is 1648 a factor of 1986609616?
True
Is 11 a factor of 4291638978?
True
Does 7 divide 151306337?
True
Is 9923310 a multiple of 90?
True
Is 4 a factor of 176784?
True
Is 41937251 a multiple of 285?
False
Does 21 divide 2624113?
False
Is 961273878 a multiple of 136?
False
Is 59 a factor of 156197131?
True
Is 162146408 a multiple of 17?
True
Is 30061878 a multiple of 42?
True
Is 14 a factor of 39978918?
True
Does 201 divide 65153497?
False
Is 4445385306 a multiple of 18?
False
Does 3820 divide 3939968550?
False
Is 50 a factor of 55864733?
False
Is 4 a factor of 135428760?
True
Is 189715284 a multiple of 27?
True
Is 2950 a factor of 884233000?
True
Is 721 a factor of 3388571728?
False
Is 751566920 a multiple of 2119?
True
Does 3 divide 13749887?
False
Is 107104844 a multiple of 1694?
True
Does 1416 divide 1997338173?
False
Does 79 divide 380770283?
True
Is 1346 a factor of 113649510?
True
Is 299000422 a multiple of 14?
True
Does 231 divide 9108792?
True
Does 4 divide 24705350?
False
Is 9656 a factor of 2637825279?
False
Does 5 divide 6177089?
False
Is 13061656 a multiple of 8?
True
Does 75 divide 24562200?
True
Is 43 a factor of 248590925?
False
Is 655259970 a multiple of 474?
True
Does 1892 divide 2200168447?
False
Is 313422202 a multiple of 103?
True
Is 161393718 a multiple of 6?
True
Is 13 a factor of 369495848?
False
Does 16 divide 342615008?
True
Does 217 divide 766136294?
True
Is 34 a factor of 45941956?
True
Is 1497062668 a multiple of 191?
False
Is 5298064 a multiple of 16?
True
Is 78594202 a multiple of 46?
False
Is 124413809 a multiple of 159?
False
Does 7 divide 634542716?
False
Is 601638170 a multiple of 245?
True
Is 26203687 a multiple of 1473?
False
Is 2206580305 a multiple of 2962?
False
Does 6 divide 87255096?
True
Is 557 a factor of 71898444?
False
Is 7298665 a multiple of 11?
True
Is 3036452349 a multiple of 25?
False
Is 153190900 a multiple of 20?
True
Does 173 divide 129369746?
True
Does 511 divide 105066199?
True
Is 4621 a factor of 90811892?
True
Is 2067 a factor of 28629725?
False
Is 287 a factor of 192577849?
False
Does 16 divide 411662870?
False
Is 295 a factor of 10661005?
True
Does 36 divide 57407403?
False
Is 22 a factor of 7578263?
False
Is 34998878 a multiple of 9?
False
Is 623040 a multiple of 480?
True
Is 2685653142 a multiple of 8310?
False
Does 787 divide 419364621?
False
Is 836283540 a multiple of 3750?
False
Is 23 a factor of 10876930?
True
Does 103 divide 316366663?
True
Is 44252000 a multiple of 1625?
True
Is 99547368 a multiple of 24?
True
Is 874 a factor of 123429672?
False
Is 47873090 a multiple of 20?
False
Is 237317346 a multiple of 3?
True
Does 111 divide 941530756?
False
Is 15081764 a multiple of 7?
False
Is 44 a factor of 6482017?
False
Is 84 a factor of 480226488?
True
Does 3 divide 123603738?
True
Is 141 a factor of 72047660?
False
Is 764322 a multiple of 82?
True
Is 4394878 a multiple of 7?
False
Does 5228 divide 889792254?
False
Does 27 divide 38814635?
False
Is 1079 a factor of 25662326?
False
Does 109 divide 1524145277?
False
Is 258 a factor of 58334248?
False
Is 102427546 a multiple of 410?
False
Is 484874058 a multiple of 1176?
False
Does 42 divide 189195510?
True
Does 21 divide 89014758?
True
Is 269938988 a multiple of 748?
True
Is 4070 a factor of 1071053060?
True
Is 43239438 a multiple of 12?
False
Is 20790099 a multiple of 561?
True
Does 67 divide 32824845?
False
Is 1757 a factor of 408571428?
False
Does 183 divide 31122346?
False
Does 41 divide 3113710929?
True
Does 7830 divide 371854530?
True
Is 51979399 a multiple of 343?
False
Does 1010 divide 429672992?
False
Does 46 divide 243771388?
True
Does 1013 divide 31818330?
True
Does 958 divide 14845705?
False
Does 19 divide 456598139?
True
Is 9 a factor of 34860933?
True
Is 4303821132 a multiple of 12?
True